.
1
Let u(h) = -6*h**2 + 560*h - 5740. Determine u(80).
660
Let f(a) = a**2 + 2014*a - 12111. Calculate f(6).
9
Let d(z) = -29*z**2 + 444*z - 3603. Determine d(8).
-1907
Let c(l) = 76*l - 794. Determine c(-25).
-2694
Let d(y) = 134*y**2 - 38681*y - 13013. Calculate d(289).
-8
Let s(j) = -12*j**3 - 25*j**2 - 20*j - 18. Determine s(-4).
430
Let c(q) = -312*q - 13703. What is c(-44)?
25
Let n(p) = -99460*p - 596780. Calculate n(-6).
-20
Let n(i) = -381*i**2 + 146*i + 9. Give n(1).
-226
Let h(b) = 24*b**2 + 7357*b + 29341. Calculate h(-4).
297
Let p(m) = 11*m**3 + 53*m**2 + 102*m - 2. Determine p(-2).
-82
Let j(n) = 14*n**3 + 625*n**2 + 409*n + 606. Determine j(-44).
34
Let p(w) = -w**3 - 6*w**2 + 5167*w + 36078. Give p(-7).
-42
Let s(g) = -78*g + 10839. Give s(148).
-705
Let c(v) = -2*v**3 + 34*v**2 - 23*v + 365. Determine c(19).
-1516
Let h(o) = -2163*o + 3338. Determine h(3).
-3151
Let w(v) = 7*v**2 - 438*v - 13590. Determine w(-26).
2530
Let z(h) = -10737*h + 73368. Give z(7).
-1791
Let v(l) = l**3 - 15*l**2 - 105*l + 1097. What is v(17)?
-110
Let v(n) = 70*n**3 - 5*n**2 + 15*n + 43. Give v(-2).
-567
Let b(x) = 1300294*x + 7801777. What is b(-6)?
13
Let t(l) = 8430*l**2 + 42174*l. Determine t(-5).
-120
Let t(w) = -6716*w - 644730. What is t(-96)?
6
Let l(t) = t**3 + 93*t**2 + 215*t + 11702. Give l(-92).
386
Let d(o) = o**3 - 28*o**2 - 643*o + 86. What is d(43)?
172
Let q(g) = -4*g**2 - 28947*g + 289863. Determine q(10).
-7
Let h(f) = -2487*f + 12364. Calculate h(5).
-71
Let x(h) = 9143*h - 54856. Give x(6).
2
Let d(v) = -425*v + 2648. Give d(6).
98
Let p(k) = -1010*k - 3959. Calculate p(-4).
81
Let o(y) = y**3 - 117*y**2 - 497*y + 1523. Calculate o(121).
-50
Let z(j) = 1788*j - 33570. Calculate z(19).
402
Let m(f) = -2*f**2 - 27790*f + 8662005. What is m(305)?
5
Let b(k) = 52*k**2 + 105*k - 10079. Give b(13).
74
Let g(r) = r**3 - 671*r**2 - 80596*r - 3066. Give g(775).
34
Let x(j) = j**2 + 106*j - 26753. Give x(-225).
22
Let j(v) = 2*v**3 + 27*v**2 - 193*v + 1612. Calculate j(-20).
272
Let t(u) = 27*u**2 - 950*u + 8178. Calculate t(15).
3
Let y(q) = 76*q - 4266. Calculate y(70).
1054
Let y(g) = -39794*g + 238761. What is y(6)?
-3
Let v(t) = -46*t**2 - 943*t + 111. What is v(-24)?
-3753
Let d(n) = n**3 - 15*n**2 + 125*n - 514. What is d(5)?
-139
Let y(q) = -6*q**3 + 142*q**2 - 22*q - 22. Determine y(23).
1588
Let h(i) = -1193*i - 79645. Calculate h(-67).
286
Let l(w) = -2354420*w - 11772122. Give l(-5).
-22
Let m(v) = -107*v - 4069. Determine m(-40).
211
Let i(o) = -o**2 + 123562*o + 3831391. Calculate i(-31).
8
Let l(x) = 10*x**3 + 4*x**2 - 118*x + 479. Calculate l(4).
711
Let v(w) = -w**3 - 124*w**2 + 618*w - 609. Give v(-129).
2874
Let s(o) = -o**2 + 331*o + 5782. Calculate s(-19).
-868
Let b(x) = -x**3 + 34*x**2 + 94*x - 5198. Calculate b(34).
-2002
Let o(k) = -2365*k + 288569. What is o(122)?
39
Let v(m) = -m**3 + 16*m**2 + 749*m - 12753. Determine v(17).
-309
Let f(a) = 52134*a + 104268. Determine f(-2).
0
Let m(p) = -p**3 + 121*p**2 + 388*p - 2065. Determine m(124).
-81
Let q(b) = 10036*b + 60250. What is q(-6)?
34
Let m(n) = 4276*n + 213791. Determine m(-50).
-9
Let y(h) = -19*h**3 - 7067*h**2 - 6668*h + 3705. Give y(-371).
-5
Let i(u) = 164*u**2 - u - 104. Give i(-1).
61
Let r(b) = b**3 + 686*b**2 + 12062*b + 25369. Give r(-668).
-15
Let i(d) = -10*d**2 - 101*d - 382. Calculate i(-4).
-138
Let r(f) = -196*f - 17317. Give r(-105).
3263
Let l(v) = -575120*v - 1725459. Give l(-3).
-99
Let z(i) = -105*i**2 - 254*i - 255. What is z(-1)?
-106
Let q(l) = 6*l**3 + 128*l**2 - 196*l - 2384. What is q(-22)?
-8
Let y(p) = -5448*p + 250817. What is y(46)?
209
Let n(i) = 67*i**2 - 135*i + 485. What is n(4)?
1017
Let z(f) = -3*f**3 + 78*f**2 - 71*f + 284. What is z(24)?
2036
Let z(n) = n**3 + 50*n**2 - 349*n - 535. Calculate z(-56).
193
Let g(w) = -w**3 - 6*w**2 + 75*w - 167. What is g(-14)?
351
Let x(h) = 68*h - 1074. Give x(20).
286
Let d(f) = 2*f**2 + 23*f + 207. Calculate d(23).
1794
Let i(f) = -3743*f**2 - 34935*f - 11235. Determine i(-9).
-3
Let m(g) = -g**2 + 30817*g - 585159. What is m(19)?
3
Let b(s) = -s**3 - 26*s**2 + 187*s + 808. Determine b(-3).
40
Let n(t) = -169*t**2 + 121*t + 349. What is n(-3)?
-1535
Let d(a) = 367*a - 3130. What is d(9)?
173
Let y(m) = -18855*m + 346. Calculate y(0).
346
Let j(a) = -a**2 - 21*a + 1581. Calculate j(28).
209
Let q(w) = 2*w**3 + 85*w**2 + 293*w + 777. Calculate q(-39).
-3
Let q(h) = -422133*h + 31237839. Give q(74).
-3
Let a(p) = 3385*p - 118465. Determine a(35).
10
Let l(r) = -1898*r - 12746. What is l(-7)?
540
Let w(o) = 4*o**3 + 115*o**2 + 131*o + 4635. What is w(-29)?
-5
Let y(j) = 4*j**2 + 1315*j - 69109. What is y(46)?
-155
Let l(o) = -22*o**3 + 2837*o**2 + 129*o + 41. Give l(129).
41
Let n(y) = y**3 + 212*y**2 + 1560*y + 25629. What is n(-205)?
4
Let q(r) = -6*r**2 + 191*r - 1889. What is q(18)?
-395
Let w(l) = l**2 - 3224*l - 401285. What is w(-120)?
-5
Let i(t) = t**2 - 43203*t - 518587. Determine i(-12).
-7
Let k(u) = -357*u + 44305. Determine k(124).
37
Let w(v) = 10933*v - 1978861. Calculate w(181).
12
Let i(u) = 93*u - 18725. What is i(203)?
154
Let t(d) = -d**3 + 5*d**2 + 606*d + 4144. What is t(-8)?
128
Let h(d) = 667*d**2 - 21603*d + 8285. Give h(32).
-3
Let u(l) = -1354*l - 158575. What is u(-117)?
-157
Let o(a) = 2*a**3 - 46*a**2 - 288*a + 7294. What is o(22)?
-10
Let x(s) = 40*s**2 + 2358*s + 25134. Determine x(-45).
24
Let z(l) = -2*l**2 + 739*l - 49913. What is z(89)?
16
Let c(a) = 39037*a + 507420. What is c(-13)?
-61
Let t(q) = -2705*q - 10653. What is t(-4)?
167
Let q(r) = -r**3 + 3*r**2 - 77*r + 316. Calculate q(0).
316
Let r(u) = 476313*u + 1428935. Determine r(-3).
-4
Let j(y) = -63*y**3 - 4*y**2 - 590*y - 1171. Give j(-2).
497
Let x(h) = 180*h - 26382. What is x(148)?
258
Let x(l) = -3*l**3 + 216*l**2 - 187*l - 1783. Determine x(71).
63
Let h(a) = -9*a**3 + 807*a**2 - 586*a + 4704. Determine h(89).
76
Let i(f) = -f**3 - 39*f**2 - 15*f + 2549. Determine i(-39).
3134
Let y(h) = -h**2 - 2825*h + 274373. What is y(94)?
-13
Let c(p) = 3*p**3 - 158*p**2 + 922*p - 18. Determine c(46).
74
Let p(g) = 770*g**3 + 6*g**2 + 31*g + 25. What is p(-1)?
-770
Let i(n) = n**3 + 433*n**2 + 1314*n + 84. What is i(-3)?
12
Let x(v) = 55*v**2 - 12*v - 46. What is x(-6)?
2006
Let u(d) = -d**3 - 120*d**2 - 3637*d - 2905. Determine u(-63).
-7
Let a(f) = 5521*f - 1363675. Calculate a(247).
12
Let x(f) = -255*f + 24504. What is x(92)?
1044
Let c(p) = 459*p - 14996. Give c(31).
-767
Let k(m) = -m**3 + 61*m**2 - 51*m + 6810. Determine k(62).
-196
Let g(d) = -720094*d + 5760749. Determine g(8).
-3
Let q(l) = 2*l**3 - 50*l**2 + 164*l + 758. Determine q(20).
38
Let g(j) = -3*j**2 - 886*j - 4349. Give g(-5).
6
Let f(j) = 1451*j**2 - 11605*j - 27. What is f(8)?
-3
Let x(g) = -87287*g - 87293. Give x(-1).
-6
Let n(r) = r**2 + 3607*r + 561380. Determine n(-163).
8
Let t(i) = 1351298*i - 5405189. Give t(4).
3
Let l(v) = 67*v**2 - 1001*v + 12. Give l(6).
-3582
Let z(c) = c**2 + 3456787*c - 17283952. What is z(5)?
8
Let n(q) = 16398*q + 1836688. What is n(-112)?
112
Let n(d) = 100*d - 12477. Give n(124).
-77
Let a(c) = 3*c**2 - 191*c - 5135. Calculate a(-19).
-423
Let k(x) = 2*x**3 - x**2 - 44*x + 245. Determine k(-6).
41
Let n(g) = -1441*g + 73748. Determine n(51).
257
Let f(s) = -2*s**2 + 213*s + 21. Give f(0).
21
Let i(a) = -212*a**2 - 22*a + 21. Calculate i(1).
-213
Let x(z) = -z**2 + 495*z - 30791. What is x(73)?
15
Let k(o) = -1063889*o + 12766673. Give k(12).
5
Let j(w) = -826029*w + 3304134. Give j(4).
18
Let n(r) = r**2 - 1348*r - 290515. Give n(-189).
-22
Let u(s) = -95*s - 2200. What is u(-6)?
-1630
Let i(n) = 3*n**3 - 246*n**2 - 421*n - 6744. Determine i(84).
228
Let v(q) = 16824*q + 13492843. Calculate v(-802).
-5
Let v(w) = 558*w**2 - 32930*w + 506. What is v(59)?
34
Let f(c) = -9009*c - 1765748. Determine f(-196).
16
Let k(v) = v**3 + 111*v**2 + 2643*v + 264324. Give k(-109).
-1
Let x(m) = 195368*m + 195373. What is x(-1)?
5
Let w(i) = -2*i**2 + 5072*i + 40704. Calculate w(-8).
0
Let m(d) = 11*d**2 + 1509*d - 25927. What is m(16)?
1033
Let n(m) = -2*m**3 + 376*m**2 + 127*m - 23872. Calculate n(188).
4
Let i(a) = -145*a**2 + 9200*a - 4128. Determine i(63).
-33
Let c(q) = 87263*q + 610833. What is